41 composite?
False
Is 14388287 a composite number?
True
Is 17107493 prime?
False
Is 20673613 a composite number?
False
Is 286250983 composite?
True
Is 4317553 composite?
False
Is 3485297 a composite number?
False
Is 228151541 composite?
False
Is 3125209 a prime number?
True
Is 34477291 a composite number?
True
Is 4359913 a composite number?
True
Is 231001817 prime?
True
Is 99020693 a prime number?
False
Is 12383951 a composite number?
True
Is 9976979 prime?
False
Is 35006267 prime?
False
Is 2455195 a composite number?
True
Is 75042941 prime?
False
Is 320653 prime?
False
Is 81064031 a composite number?
True
Is 308264233 a prime number?
True
Is 1110679 prime?
True
Is 50501251 prime?
True
Is 519511 composite?
True
Is 4887409 a prime number?
True
Is 3422747 prime?
True
Is 57635099 prime?
False
Is 120710179 prime?
True
Is 11484547 a prime number?
True
Is 24202747 a composite number?
True
Is 109335409 a composite number?
False
Is 14895479 prime?
True
Is 1130011 a prime number?
True
Is 11558507 a prime number?
True
Is 383584967 prime?
False
Is 5512217 a prime number?
False
Is 84742103 a prime number?
True
Is 7884683 a composite number?
False
Is 1224602 composite?
True
Is 42702389 a prime number?
True
Is 701118643 prime?
False
Is 173238383 prime?
True
Is 631013611 composite?
False
Is 21651491 prime?
True
Is 8079649 composite?
False
Is 129576113 a composite number?
True
Is 36869579 composite?
False
Is 847505671 composite?
True
Is 14069681 a prime number?
True
Is 729700811 prime?
False
Is 159017539 composite?
False
Is 5109466 composite?
True
Is 47841731 prime?
False
Is 49502591 a prime number?
True
Is 1131273433 a prime number?
False
Is 8212109 a composite number?
False
Is 8494501 composite?
True
Is 38971529 a prime number?
True
Is 423511961 a prime number?
True
Is 11849869 a prime number?
True
Is 1779743 prime?
False
Is 271631 a prime number?
False
Is 883549 prime?
True
Is 194807773 composite?
False
Is 1267009 a composite number?
False
Is 5050543 prime?
True
Is 4024399 composite?
False
Is 287437 a prime number?
True
Is 12277079 a prime number?
False
Is 5212459 composite?
True
Is 16308941 prime?
False
Is 18453863 prime?
True
Is 21123757 prime?
True
Is 19382241 prime?
False
Is 5118511 composite?
True
Is 5834491 a prime number?
False
Is 61414201 a prime number?
True
Is 7977707 a prime number?
True
Is 10482103 composite?
True
Is 15742993 a composite number?
True
Is 27447521 composite?
False
Is 316727233 prime?
True
Is 563213845 composite?
True
Is 130580969 composite?
False
Is 108261887 composite?
True
Is 48205615 a prime number?
False
Is 61272751 a composite number?
False
Is 132695737 prime?
True
Is 8169313 a composite number?
False
Is 3141823 a prime number?
False
Is 23277041 a prime number?
True
Is 65662471 a prime number?
False
Is 24103157 a composite number?
True
Is 786859 composite?
False
Is 106585799 a prime number?
True
Is 73670669 prime?
True
Is 183342923 composite?
True
Is 84213079 prime?
True
Is 19386637 prime?
True
Is 10435067 prime?
False
Is 1183027 a prime number?
True
Is 5194909 a prime number?
False
Is 1431404515 prime?
False
Is 11193517 a prime number?
True
Is 635197 prime?
True
Is 66267007 a prime number?
False
Is 1284779 prime?
False
Is 18688169 composite?
True
Is 782085797 a composite number?
False
Is 778978105 prime?
False
Is 18287855 prime?
False
Is 8444507 composite?
False
Is 21034437 a composite number?
True
Is 5656093 a prime number?
True
Is 8671811 a prime number?
True
Is 23876751 a composite number?
True
Is 15916949 a composite number?
False
Is 622708595 a prime number?
False
Is 1108697 a prime number?
True
Is 1549183 a prime number?
True
Is 564307397 composite?
False
Is 60420557 prime?
True
Is 10704053 a prime number?
True
Is 30331673 a prime number?
False
Is 2730487 prime?
True
Is 293551 a composite number?
True
Is 225522467 a prime number?
False
Is 10698761 composite?
True
Is 2433362 a prime number?
False
Is 9907069 a composite number?
False
Is 1237619 composite?
False
Is 403673 composite?
True
Is 17544445 composite?
True
Is 68118907 prime?
True
Is 3289841 composite?
True
Is 121911137 a prime number?
True
Is 360853723 a prime number?
True
Is 128195207 composite?
True
Is 83423437 composite?
True
Is 4400639 a prime number?
True
Is 5613997 composite?
True
Is 10581283 a prime number?
False
Is 266817569 a composite number?
False
Is 17565877 composite?
True
Is 522004643 prime?
True
Is 129367427 a composite number?
True
Is 3039989 a prime number?
True
Is 212617 a composite number?
True
Is 59743195 prime?
False
Is 17299871 a composite number?
False
Is 382135223 a composite number?
True
Is 10623311 a composite number?
True
Is 116880037 composite?
False
Is 16643006 prime?
False
Is 3205751 composite?
False
Is 45212891 composite?
False
Is 51262603 a composite number?
True
Is 101522371 prime?
True
Is 87829643 a prime number?
False
Is 126847181 a composite number?
True
Is 244461223 a prime number?
True
Is 4360903 composite?
True
Is 642647 a composite number?
True
Is 5653337 prime?
False
Is 351465299 prime?
True
Is 2997047 composite?
True
Is 21704873 a prime number?
False
Is 11267129 a composite number?
True
Is 106068293 prime?
True
Is 73015471 composite?
True
Is 72737701 a prime number?
True
Is 55800407 a prime number?
False
Is 5257591 prime?
True
Is 46427107 prime?
True
Is 121851771 a composite number?
True
Is 1161779 prime?
False
Is 2022127 prime?
False
Is 9101437 a composite number?
True
Is 948989 composite?
False
Is 8334587 a prime number?
True
Is 426889 composite?
False
Is 1630117 a prime number?
True
Is 130507 composite?
True
Is 2218519 prime?
True
Is 8825071 a composite number?
False
Is 10031647 composite?
False
Is 263278399 composite?
False
Is 872987 prime?
False
Is 195761 a prime number?
True
Is 3571579 prime?
False
Is 139301923 a composite number?
False
Is 8268739 prime?
True
Is 3372463 composite?
True
Is 27629507 composite?
False
Is 1812527 a composite number?
False
Is 92255 a prime number?
False
Is 340741 a prime number?
False
Is 5197727 a prime number?
True
Is 12456659 composite?
True
Is 97558771 composite?
False
Is 3419077 a prime number?
False
Is 150138883 a composite number?
True
Is 7361411 a prime number?
False
Is 51247531 a composite number?
True
Is 24277507 a prime number?
True
Is 35424035 a composite number?
True
Is 1292477 a composite number?
False
Is 73859749 composite?
True
Is 133470487 composite?
True
Is 84833459 composite?
False
Is 30423703 composite?
True
Is 130894653 prime?
False
Is 144665123 composite?
False
Is 2299214 a composite number?
True
Is 351982 a prime number?
False
Is 1182839 composite?
True
Is 5765509 composite?
True
Is 499929943 a prime number?
True
Is 26796235 a prime number?
False
Is 4020671 a composite number?
False
Is 95178703 composite?
False
Is 3343709 prime?
False
Is 3058493 composite?
False
Is 144502019 prime?
True
Is 477854933 prime?
False
Is 10798471 composite?
False
Is 261506371 composite?
True
Is 65330311 a prime number?
True
Is 8611391 composite?
True
Is 9103499 a composite number?
False
Is 3011209 prime?
True
Is 5599147 a prime number?
True
Is 76816967 a composite number?
False
Is 23404967 a prime number?
True
Is 50558498 a composite number?
True
Is 51883679 composite?
False
Is 225907259 prime?
False
Is 21329497 prime?
False
Is 1834253 a composite number?
False
Is 875549947 composite?
True
Is 2462227 a composite number?
True
Is 1598089 composite?
False
Is 6225871 a composite number?
False
Is 5774962 prime?
False
Is 104481289 a prime number?
False
Is 4730897 prime?
True
Is 649374611 composite?
True
Is 3386473 prime?
True
Is 127829203 a composite number?
True
Is 27161929 a composite number?
True
Is 1311517 composite?
True
Is 3453595 a composite number?
True
Is 5228867 a composite number?
True
Is 72365869 a prime number?
True
Is 11097763 composite?
True
Is 666192081 prime?
False
Is 109256437 prime?
True
Is 72738343 composite?
False
Is 13697653 prime?
True
Is 7714229 composite?
False
Is 8390297 a prime number?
False
Is 12599077 composite?
False
Is 11473139 a prime number?
True
Is 40428689 a composite number?
True
Is 261907 a prime number?
False
Is 339187 a composite number?
False
Is 49412537 a prime number?
True
Is 2218277 composite?
False
Is 159661 composite?
True
Is 68861927 composite